of 11843?
1
What is the hundred thousands digit of 118370?
1
What is the tens digit of 6793?
9
What is the thousands digit of 26728?
6
What is the hundreds digit of 250?
2
What is the hundreds digit of 223?
2
What is the tens digit of 21117?
1
What is the tens digit of 458?
5
What is the hundreds digit of 2964?
9
What is the units digit of 4673?
3
What is the units digit of 357?
7
What is the thousands digit of 14982?
4
What is the units digit of 5994?
4
What is the ten thousands digit of 117048?
1
What is the thousands digit of 1692?
1
What is the hundreds digit of 7594?
5
What is the units digit of 8535?
5
What is the tens digit of 125501?
0
What is the thousands digit of 1484?
1
What is the units digit of 79090?
0
What is the thousands digit of 50566?
0
What is the thousands digit of 1178?
1
What is the tens digit of 369?
6
What is the units digit of 86?
6
What is the units digit of 996?
6
What is the hundreds digit of 13296?
2
What is the tens digit of 1881?
8
What is the tens digit of 6159?
5
What is the ten thousands digit of 16997?
1
What is the units digit of 146?
6
What is the units digit of 7913?
3
What is the units digit of 749?
9
What is the units digit of 1131?
1
What is the ten thousands digit of 29463?
2
What is the hundreds digit of 26548?
5
What is the units digit of 1289?
9
What is the tens digit of 81?
8
What is the tens digit of 100222?
2
What is the units digit of 22?
2
What is the hundreds digit of 152?
1
What is the tens digit of 1194?
9
What is the hundreds digit of 3331?
3
What is the tens digit of 149260?
6
What is the units digit of 706?
6
What is the hundreds digit of 27073?
0
What is the units digit of 4413?
3
What is the hundred thousands digit of 152464?
1
What is the hundreds digit of 415?
4
What is the tens digit of 55507?
0
What is the tens digit of 6974?
7
What is the ten thousands digit of 13038?
1
What is the hundreds digit of 4581?
5
What is the ten thousands digit of 10080?
1
What is the thousands digit of 83585?
3
What is the units digit of 25044?
4
What is the tens digit of 1625?
2
What is the hundreds digit of 1010?
0
What is the hundreds digit of 5144?
1
What is the units digit of 407?
7
What is the units digit of 16777?
7
What is the tens digit of 95?
9
What is the tens digit of 13090?
9
What is the hundreds digit of 6305?
3
What is the tens digit of 7974?
7
What is the units digit of 1208?
8
What is the tens digit of 12563?
6
What is the units digit of 13404?
4
What is the hundred thousands digit of 113321?
1
What is the hundreds digit of 4911?
9
What is the tens digit of 16810?
1
What is the tens digit of 54?
5
What is the hundreds digit of 583?
5
What is the thousands digit of 31043?
1
What is the units digit of 4420?
0
What is the units digit of 110395?
5
What is the hundreds digit of 845?
8
What is the hundreds digit of 10574?
5
What is the hundreds digit of 1759?
7
What is the units digit of 1197?
7
What is the hundreds digit of 5629?
6
What is the thousands digit of 3500?
3
What is the ten thousands digit of 34194?
3
What is the hundreds digit of 1178?
1
What is the units digit of 3826?
6
What is the tens digit of 39428?
2
What is the ten thousands digit of 153115?
5
What is the units digit of 1059?
9
What is the ten thousands digit of 17481?
1
What is the units digit of 1369?
9
What is the thousands digit of 127521?
7
What is the hundreds digit of 50134?
1
What is the tens digit of 1231?
3
What is the units digit of 467?
7
What is the hundreds digit of 69110?
1
What is the tens digit of 1081?
8
What is the units digit of 637?
7
What is the tens digit of 864?
6
What is the thousands digit of 2464?
2
What is the thousands digit of 4092?
4
What is the thousands digit of 3089?
3
What is the tens digit of 887?
8
What is the tens digit of 1948?
4
What is the units digit of 530?
0
What is the thousands digit of 28294?
8
What is the units digit of 40780?
0
What is the hundreds digit of 381?
3
What is the units digit of 349?
9
What is the hundreds digit of 490?
4
What is the hundreds digit of 12278?
2
What is the tens digit of 1345?
4
What is the ten thousands digit of 31648?
3
What is the tens digit of 24828?
2
What is the units digit of 3075?
5
What is the hundreds digit of 35206?
2
What is the thousands digit of 25153?
5
What is the units digit of 5461?
1
What is the tens digit of 552?
5
What is the tens digit of 4924?
2
What is the hundreds digit of 887?
8
What is the tens digit of 7732?
3
What is the tens digit of 16202?
0
What is the thousands digit of 17048?
7
What is the tens digit of 979?
7
What is the hundred thousands digit of 111764?
1
What is the tens digit of 3852?
5
What is the thousands digit of 7222?
7
What is the ten thousands digit of 14290?
1
What is the hundreds digit of 11369?
3
What is the tens digit of 1527?
2
What is the tens digit of 3268?
6
What is the hundreds digit of 2514?
5
What is the units digit of 4545?
5
What is the units digit of 3689?
9
What is the hundreds digit of 15773?
7
What is the hundreds digit of 1504?
5
What is the units digit of 90?
0
What is the units digit of 9316?
6
What is the hundreds digit of 34504?
5
What is the hundreds digit of 925?
9
What is the units digit of 65587?
7
What is the units digit of 873?
3
What is the ten thousands digit of 51211?
5
What is the hundreds digit of 3818?
8
What is the tens digit of 151?
5
What is the hundreds digit of 246?
2
What is the tens digit of 53267?
6
What is the tens digit of 78048?
4
What is the thousands digit of 1056?
1
What is the tens digit of 6218?
1
What is the thousands digit of 38945?
8
What is the hundreds digit of 10821?
8
What is the hundreds digit of 2027?
0
What is the units digit of 9?
9
What is the hundreds digit of 32447?
4
What is the units digit of 3496?
6
What is the units digit of 8966?
6
What is the thousands digit of 8113?
8
What is the units digit of 384?
4
What is the hundreds digit of 6691?
6
What is the ten thousands digit of 104309?
0
What is the units digit of 2852?
2
What is the hundreds digit of 3237?
2
What is the tens digit of 28929?
2
What is the tens digit of 996?
9
What is the units digit of 1939?
9
What is the hundreds digit of 241?
2
What is the tens digit of 748?
4
What is the thousands digit of 65102?
5
What is the tens digit of 15777?
7
What is the thousands digit of 3416?
3
What is the thousands digit of 73472?
3
What is the units digit of 5774?
4
What is the tens digit of 129?
2
What is the thousands digit of 7700?
7
What is the hundreds digit of 844?
8
What is the units digit of 1283?
3
What is the tens digit of 3067?
6
What is the units digit of 83395?
5
What is the hundreds digit of 1163?
1
What is the hundreds digit of 27690?
6
What is the tens digit of 44407?
0
What is the units digit of 995?
5
What is the hundreds digit of 3655?
6
What is the units digit of 60972?
2
What is the units digit of 12193?
3
What is the hundreds digit of 5774?
7
What is the hundreds digit of 1692?
6
What is the units digit of 2871?
1
What is the units digit of 103288?
8
What is the thousands digit of 14419?
4
What is the tens digit of 8591?
9
What is the tens digit of 1654?
5
What is the units digit of 1091?
1
What is the hundreds digit of 4820?
8
What is the ten thousands digit of 28464?
2
What is the thousands digit of 4253?
4
What is the hundreds digit of 310?
3
What is the hundreds digit of 9647?
6
What is the tens digit of 28705?
0
What is the units digit of 12756?
6
What is the thousands digit of 2334?
2
What is the thousands digit of 52106?
2
What is the hundreds digit of 985?
9
What is the tens digit of 4475?
7
What is the hundreds digit of 52842?
8
What is the hundreds digit of 404?
4
What is the ten thousands digit of 54317?
5
What is the units digit of 703?
3
What is the tens digit of 33044?
4
What is the hundreds digit of 28474?
4
What is the units digit of 7069?
9
What is the tens digit of 1832?
3
What is the hundreds digit of 1450?
4
What is the tens digit of 864?
6
What is the tens digit of 2508?
0
What is the hundreds digit of 869?
8
What is the tens digit of 934?
3
What is the thousands digit of 122096?
2
What is the ten thousands digit of 11894?
1
What is the hundreds digit of 44183?
1
What is the hundreds digit of 28255?
2
What is the tens digit of 70163?
6
What